 = p - 6. Let r be t(9). Suppose -2*h - 2 = r*m + 2*m, -5*m = 4*h - 6. Let w(f) = -f**2 + 5*f + 3. Give w(h).
7
Let v(l) = 6*l**3 + 15*l**2 - l + 25. Let d(w) = w**3 + 3*w**2 + 5. Let r(a) = -11*d(a) + 2*v(a). Suppose -20*x + 75 = -15*x. Let b = 19 - x. What is r(b)?
3
Let j(a) = 5*a + 1. Let r(u) = 2*u. Let w(k) = 3*j(k) - 5*r(k). Give w(-2).
-7
Let j(v) be the first derivative of 0*v**2 + 1/3*v**3 + 1 + v. What is j(0)?
1
Let h(z) = -z**3 + z**2 + z + 2. Let d(y) = 5*y - 1. Let k be d(3). Let i be k/(-49) + 16/7. What is h(i)?
0
Let f = -10 - -6. Let r(m) = -5*m**2 + 11*m - 7. Let d(p) = p + 2. Let v be d(-8). Let x(a) = 9*a**2 - 21*a + 13. Let u(j) = v*x(j) - 11*r(j). Determine u(f).
-5
Suppose -28 = 2*y - 4*v, -v + 19 = -4*y + 2*y. Let r be 3 + y/(4 + -2). Let x(o) = -4*o**3 + o + 1. Determine x(r).
4
Let x(l) = -l**3 + 3*l**2 + 3*l - 6. Let s be (-20)/6 + 3/9. Let i = s + 7. What is x(i)?
-10
Let y be -2 + 6*(-3 - -4) + -6. Let t(s) = -s**3 + 1 - 2 + 4 + 2*s. Calculate t(y).
7
Let j be (7/4)/((-5)/(-20)). Let a = -10 - -17. Let r = j - a. Let n(f) = -f**2 + f + 6. What is n(r)?
6
Let v(s) = 2*s**3 + 8*s**2 + 4*s - 3. Let w(d) = -d**2 - d. Let g(i) = v(i) + 6*w(i). Let h = -110 + 108. Determine g(h).
-7
Let x be (10/6)/(2/(-6)). Let k(i) = i**2 + i - 7. Calculate k(x).
13
Let y(p) = p + 11. Let h be y(-9). Let j(g) = 0*g**h + 4*g - 3*g + 5*g**2. What is j(-1)?
4
Let m(v) be the second derivative of v**3/6 + 5*v**2/2 + v. Calculate m(-4).
1
Let i be 3 + (4 - 8) + -7. Let n = i - -10. Let t(z) = -3*z**2 + 3*z - 2. Determine t(n).
-8
Suppose -4*s + s - 9 = 0. Let h = 5 + s. Let d(n) be the second derivative of n**5/20 - n**4/12 - n**3/2 + 3*n**2/2 + n. What is d(h)?
1
Let l(x) = -x**3 - 6*x**2 - 5*x + 2. Let m = -16 - -11. Give l(m).
2
Let l be 6/15 + 23/5. Let g(q) = -l + 4*q**2 - 3*q + 0*q**3 - 6*q**3 + 3*q**3 + 4*q**3. Determine g(-4).
7
Let s(k) = 4*k + 6. Let h(a) = 1. Let d = 1 - -2. Let n(m) = d*h(m) - s(m). Let t = 1 - 3. Give n(t).
5
Suppose -3*z - 4 = 8. Let v(u) = -u - 4. Give v(z).
0
Suppose 0 = 3*b - 9 - 3, o + 5*b - 13 = 0. Let t(p) = -p**3 - 6*p**2 + 7*p - 8. Determine t(o).
-8
Let v = 7 - -29. Suppose -32 = -4*x - 4*o, -3*x - 2*x - 3*o + v = 0. Suppose -3*j + 10 = 4*y - x, -3 = -3*y. Let z(d) = -2*d + 2. Calculate z(j).
-6
Let w(z) = -z**2 + 4*z + 5. Suppose 0 = -0*h - 5*h - 10. Let t = h + 8. Suppose -2*j = -4 - t. Determine w(j).
0
Let w(i) be the third derivative of -1/6*i**3 + 1/30*i**5 + 0*i**4 + 0*i + 0 - 2*i**2. Determine w(2).
7
Let v(s) be the first derivative of -1/2*s**2 - 4*s + 1/3*s**3 - 3. Calculate v(0).
-4
Let o(f) = f**2 - f - 2. Suppose -u + p - 2 = 0, 0 = -3*u - 5*p + 7 + 19. Calculate o(u).
0
Let s(b) = b**2 + b + 2. Let f(u) = -2*u**2 - 2*u - 3. Let i(p) = 3*f(p) + 5*s(p). Determine i(0).
1
Let o(u) be the third derivative of -u**7/2520 + 7*u**5/120 - u**4/6 + u**2. Let n(m) be the second derivative of o(m). Calculate n(0).
7
Let h(l) = 9 + 9 + l**3 + 0*l**3 + 9*l**2 + l - 6. What is h(-9)?
3
Let t(k) = k**3 + 2 - 7*k**2 + k - 8*k - k. What is t(8)?
2
Let n(p) = 3*p - 4. Let m(t) = -t**3 + 7*t**2 + 11*t - 19. Let s be m(8). Give n(s).
11
Let r(c) be the second derivative of -4*c - 3/2*c**2 + 0 + 1/3*c**3. Determine r(5).
7
Let n(i) = i**3 - i**2 + 1. Let u(s) = -4*s**3 + 3*s**2 - s - 3. Let o(w) = -5*n(w) - u(w). Let f be (-10)/(-20)*2*2. Give o(f).
0
Let q = 12 + -23. Let h = q - -8. Let m(l) = -1 + 2 - 5 - 5*l - l**2. What is m(h)?
2
Suppose -12 - 8 = -4*y. Let x = 4 - 0. Suppose -3 = 2*p - x*f - 1, 0 = -2*p + y*f. Let t(h) = h**3 + 4*h**2 - 5*h + 2. Give t(p).
2
Let w(c) = -c**2 - 4*c + 7. Let h(j) = -j**2 - 5*j + 5. Let t be h(-4). Let q = 17 - t. Let y = q + -13. What is w(y)?
2
Let p(v) = -v**2 + 4*v + 0*v**2 - 2 + 2*v. Let z be ((1 - 2) + 3)/(-1). Let a = 2 - z. Determine p(a).
6
Let j(n) = -n**2 + 11. Let b(r) = 4. Let o(u) = 11*b(u) - 4*j(u). Determine o(1).
4
Let c(v) = v + 4. Suppose -3*p + 48 = -o, -56 = -4*p + 4*o - 0*o. Let i = p - 21. Calculate c(i).
0
Let l(q) be the first derivative of -q**4/4 - 8*q + 20. Let d be 4/(-14) + (-10)/(-35). What is l(d)?
-8
Let o(s) = -5*s**3 - 9*s**2 - 4*s + 5. Let c(z) = 6*z**3 + 10*z**2 + 4*z - 6. Let g(l) = -4*c(l) - 5*o(l). Let d = 2 - 6. What is g(d)?
-1
Let j(h) = h**3 + 6*h**2 + 8*h + 7. Let z(o) = o - 1. Let f be z(5). Let p be (f/4)/(3/(-15)). Give j(p).
-8
Let i(m) = 6*m**3 + m**2 + m - 1. Let c(k) = -5*k - 49. Let h be c(-10). What is i(h)?
7
Let t(u) = u**3 - 6*u**2 - 2*u - 4. Let d be (1/(-3))/(6/(-108)). Calculate t(d).
-16
Let p(v) = 2*v**3 + 2*v**2 + 2. Let g(x) = x**3 + 2*x**2 + 2*x + 1. Let i be g(-2). Let a be 1*i*(-2)/(-3). What is p(a)?
-6
Let f be 5*(-12)/(-20) - -1. Let x(u) = -u**2 + 6*u + 3. Give x(f).
11
Suppose -23 + 95 = -4*o. Let p be (-30)/4*12/o. Let r(w) = w. Calculate r(p).
5
Let o(t) be the first derivative of t**4/4 + t**3/3 - t + 1. Suppose -2*p - 36 = -4*u - p, 4 = -p. Suppose y - 3*s = 14, -2*s - 2 = u. Determine o(y).
-1
Suppose -f - 2*p = 15, f - 4*f - 4*p - 35 = 0. Let j(x) = -5*x - 2. Let m(n) = 11*n + 3. Let c(t) = 9*j(t) + 4*m(t). Give c(f).
-1
Let c(k) = k**2 + 2*k - 8. Let w be c(-4). Let y(o) be the third derivative of 0 + 1/24*o**4 - 3*o**2 + w*o - 1/6*o**3. Determine y(3).
2
Let x(t) = -6*t + 4*t + 0*t. Give x(-4).
8
Let j(m) be the third derivative of -1/120*m**6 + 0*m**4 + 2*m**2 + 0*m**3 + 0 + 1/15*m**5 + 0*m. Let d = -7 - -11. Calculate j(d).
0
Let g(s) = s**2 + 2*s - 4. Let z = -9 + 5. What is g(z)?
4
Let f(d) = -12*d - 13. Let o(m) = -6*m - 6. Let p(t) = -6*f(t) + 13*o(t). Give p(-1).
6
Suppose 1 = 2*c - 7. Let l(h) = -h**3 + 5*h**2 - 4*h + 1. Give l(c).
1
Let w(p) = 2*p + 7. Let v be w(-1). Let c(i) = -6*i + 5. Give c(v).
-25
Suppose 0 = -48*j + 53*j - 15. Let b(v) be the third derivative of -v**4/24 + 2*v**3/3 + v**2. Determine b(j).
1
Let v(q) be the third derivative of 2*q**5/15 + q**4/24 - 2*q**2. What is v(-1)?
7
Let o(q) = 8*q**2 - 2*q + 8. Let m(i) = i**2 - i + 1. Let v(p) = -5*m(p) + o(p). Let t(l) = l**3 + 16*l**2 - 2. Let k be t(-16). What is v(k)?
9
Let h(r) = 4*r**2 - r - 3. Let y(o) = o**3 + o + 1. Let g(s) = -h(s) - 3*y(s). What is g(-2)?
12
Let f = 40 - 42. Let p(j) = j**3 + 2*j**2 + 2*j + 1. What is p(f)?
-3
Let w(q) be the first derivative of q**2 - 4*q + 3. Give w(4).
4
Let k(r) = -r**2 - 2*r - 3. Let m = 36 - 38. Calculate k(m).
-3
Let k(g) = g**3. Suppose 12 = 3*x - x - 5*j, -4*x = -3*j - 10. Let s(t) = -5*t**3 + 5*t**2 - 2*t + 2. Let u = -4 - -8. Let l(h) = u*k(h) + x*s(h). What is l(5)?
-8
Let b(i) = 8*i**2 + 7*i + i**3 - 7*i - 5 + 7*i. Let j be ((-12)/4 - 0) + 7 + -11. Calculate b(j).
-5
Let r(d) = -5*d**2 + d + 1. Suppose -2*a = -5*j - 24, -8 = 4*j - j + 2*a. Let g(l) = 14*l**2 - 2*l - 3. Let t(u) = j*g(u) - 11*r(u). Give t(-4).
-3
Let h(n) = 2*n - 2. Let f(w) = -1. Let i(o) = 2*f(o) - h(o). Determine i(4).
-8
Suppose -2*n = -l - 1 - 1, -n = 1. Let g(r) = -7*r - 6. Let d be 0 - -6 - (15 - 14). Let m(s) = -6*s - 6. Let w(o) = d*m(o) - 4*g(o). Determine w(l).
2
Suppose -3 = u - 2*u. Let w(y) = -4*y + 2. Give w(u).
-10
Let f(a) = 4*a**2 + a. Let d = -32 + 31. Determine f(d).
3
Let g be (-81)/(-12) + 3/(-4). Suppose -g + 2 = -4*w. Let q(h) = -7*h**3 - 2*h**2 + h. Determine q(w).
-8
Suppose -3*j = 23 + 10. Let t = -10 - j. Let f(i) = -3*i**3 - 6*i**2 + 4*i**3 + t + i + 2*i. Calculate f(5).
-9
Let b(j) = -13*j**2 + 29*j - 32*j - 1 + 15*j**2. Give b(3).
8
Let v(i) = 3*i - 7*i + 0*i - 2 + 3*i. What is v(-5)?
3
Suppose 56 = -0*y - 7*y. Let s(j) = -j - 11. Calculate s(y).
-3
Let m(k) be the first derivative of -k**2 + 8*k - 48. Calculate m(-6).
20
Let a(z) = -z**2 + z - 1. Let c(u) be the first derivative of u**3/3 - 3*u**2/2 + 2*u + 1. Suppose -7 = 2*j - 3. Let r(x) = j*a(x) - c(x). What is r(2)?
6
Let o be -1 + (-1)/(3/3). Let d be (-6)/((o + 1)*-1). Let x(r) = r + 1. Let a be x(d). Let m(j) = -j. Calculate m(a).
5
Let z = 1 + 2. Let s = z + 2. Let q(g) = 2*g - 3. What is q(s)?
7
Suppose 7*l + 12 = 3*l + 4*t, 5*l = -5*t + 35. Let q(z) = -2*z**3 + 3*z + 3*z**3 - 2*z**3 + 2*z**l. Suppose 4*x = 3 + 9. Calculate q(x).
0
Let j be (6/5)/(26/65). Suppose 5*m + 12 = -3*z, j*m + 20 = 4*m - 5*z. Let s(l) = l + 4. Give s(m).
4
Let u be (-4)/(-18) + 68/18. Let b(z) = -z - 1 - u*z + 4*z + 4*z. Wh